hen 649 is divided by 81.
1
What is the remainder when 629 is divided by 36?
17
Calculate the remainder when 166 is divided by 66.
34
Calculate the remainder when 263 is divided by 47.
28
Calculate the remainder when 75 is divided by 8.
3
Calculate the remainder when 101 is divided by 37.
27
What is the remainder when 87 is divided by 11?
10
What is the remainder when 4839 is divided by 4815?
24
What is the remainder when 368 is divided by 13?
4
Calculate the remainder when 397 is divided by 31.
25
Calculate the remainder when 273 is divided by 94.
85
Calculate the remainder when 526 is divided by 134.
124
What is the remainder when 1698 is divided by 27?
24
Calculate the remainder when 256 is divided by 124.
8
What is the remainder when 8290 is divided by 2759?
13
Calculate the remainder when 37 is divided by 15.
7
What is the remainder when 752 is divided by 54?
50
What is the remainder when 197 is divided by 62?
11
Calculate the remainder when 22149 is divided by 156.
153
Calculate the remainder when 6524 is divided by 136.
132
Calculate the remainder when 822 is divided by 11.
8
Calculate the remainder when 11340 is divided by 667.
1
What is the remainder when 429 is divided by 89?
73
Calculate the remainder when 2865 is divided by 92.
13
Calculate the remainder when 360 is divided by 141.
78
What is the remainder when 419 is divided by 54?
41
What is the remainder when 4132 is divided by 6?
4
Calculate the remainder when 1234 is divided by 77.
2
Calculate the remainder when 112 is divided by 31.
19
What is the remainder when 202 is divided by 68?
66
What is the remainder when 1403 is divided by 38?
35
Calculate the remainder when 813 is divided by 51.
48
Calculate the remainder when 2911 is divided by 421.
385
Calculate the remainder when 381 is divided by 161.
59
What is the remainder when 3545 is divided by 52?
9
What is the remainder when 42 is divided by 17?
8
What is the remainder when 1278 is divided by 20?
18
Calculate the remainder when 487 is divided by 237.
13
What is the remainder when 134 is divided by 9?
8
What is the remainder when 82 is divided by 24?
10
What is the remainder when 271 is divided by 70?
61
Calculate the remainder when 210 is divided by 107.
103
Calculate the remainder when 293 is divided by 5.
3
Calculate the remainder when 108 is divided by 92.
16
What is the remainder when 447 is divided by 70?
27
Calculate the remainder when 339 is divided by 71.
55
Calculate the remainder when 504 is divided by 124.
8
Calculate the remainder when 428 is divided by 48.
44
What is the remainder when 69 is divided by 14?
13
What is the remainder when 1292 is divided by 36?
32
What is the remainder when 8423 is divided by 54?
53
Calculate the remainder when 105 is divided by 27.
24
What is the remainder when 972 is divided by 322?
6
What is the remainder when 391 is divided by 33?
28
Calculate the remainder when 79 is divided by 43.
36
Calculate the remainder when 2540 is divided by 23.
10
Calculate the remainder when 187 is divided by 28.
19
What is the remainder when 1063 is divided by 56?
55
Calculate the remainder when 3093 is divided by 18.
15
What is the remainder when 58 is divided by 31?
27
What is the remainder when 9004 is divided by 19?
17
What is the remainder when 554 is divided by 269?
16
What is the remainder when 486 is divided by 62?
52
Calculate the remainder when 966 is divided by 187.
31
Calculate the remainder when 186 is divided by 163.
23
What is the remainder when 66 is divided by 30?
6
What is the remainder when 48 is divided by 22?
4
Calculate the remainder when 5983 is divided by 95.
93
What is the remainder when 199 is divided by 36?
19
What is the remainder when 42633 is divided by 38?
35
Calculate the remainder when 26396 is divided by 197.
195
Calculate the remainder when 256 is divided by 137.
119
What is the remainder when 51 is divided by 23?
5
Calculate the remainder when 1951 is divided by 386.
21
Calculate the remainder when 891 is divided by 80.
11
Calculate the remainder when 3093 is divided by 1019.
36
What is the remainder when 534 is divided by 142?
108
What is the remainder when 784 is divided by 137?
99
Calculate the remainder when 233 is divided by 67.
32
Calculate the remainder when 23 is divided by 12.
11
Calculate the remainder when 503 is divided by 4.
3
Calculate the remainder when 121 is divided by 29.
5
What is the remainder when 482 is divided by 54?
50
Calculate the remainder when 3782 is divided by 41.
10
What is the remainder when 1055 is divided by 48?
47
What is the remainder when 293 is divided by 59?
57
What is the remainder when 705 is divided by 12?
9
Calculate the remainder when 2485 is divided by 38.
15
Calculate the remainder when 98 is divided by 58.
40
Calculate the remainder when 1384 is divided by 9.
7
What is the remainder when 161 is divided by 49?
14
What is the remainder when 466 is divided by 39?
37
Calculate the remainder when 89 is divided by 14.
5
What is the remainder when 2139 is divided by 529?
23
Calculate the remainder when 3006 is divided by 59.
56
Calculate the remainder when 6954 is divided by 14.
10
What is the remainder when 209 is divided by 21?
20
What is the remainder when 35 is divided by 18?
17
What is the remainder when 584 is divided by 284?
16
What is the remainder when 303 is divided by 16?
15
Calculate the remainder when 572 is divided by 151.
119
What is the remainder when 5876 is divided by 245?
241
Calculate the remainder when 326 is divided by 30.
26
What is the remainder when 264 is divided by 41?
18
What is the remainder when 167 is divided by 28?
27
Calculate the remainder when 321 is divided by 44.
13
Calculate the remainder when 608 is divided by 185.
53
What is the remainder when 272 is divided by 95?
82
What is the remainder when 33453 is divided by 68?
65
Calculate the remainder when 1342 is divided by 36.
10
What is the remainder when 52 is divided by 22?
8
What is the remainder when 12399 is divided by 124?
123
What is the remainder when 3498 is divided by 125?
123
What is the remainder when 5852 is divided by 8?
4
What is the remainder when 536 is divided by 26?
16
What is the remainder when 572 is divided by 41?
39
What is the remainder when 60 is divided by 13?
8
Calculate the remainder when 26 is divided by 14.
12
Calculate the remainder when 91 is divided by 34.
23
Calculate the remainder when 271 is divided by 55.
51
What is the remainder when 660 is divided by 88?
44
What is the remainder when 379 is divided by 101?
76
Calculate the remainder when 415 is divided by 50.
15
Calculate the remainder when 702 is divided by 71.
63
What is the remainder when 179 is divided by 37?
31
What is the remainder when 250 is divided by 21?
19
Calculate the remainder when 627 is divided by 18.
15
Calculate the remainder when 363 is divided by 4.
3
What is the remainder when 37598 is divided by 249?
248
What is the remainder when 1791 is divided by 24?
15
What is the remainder when 2235 is divided by 57?
12
What is the remainder when 32 is divided by 3?
2
What is the remainder when 1988 is divided by 11?
8
Calculate the remainder when 148 is divided by 55.
38
What is the remainder when 1234 is divided by 34?
10
Calculate the remainder when 321 is divided by 158.
5
Calculate the remainder when 2063 is divided by 681.
20
Calculate the remainder when 1605 is divided by 78.
45
What is the remainder when 3108 is divided by 118?
40
What is the remainder when 1570 is divided by 390?
10
Calculate the remainder when 134 is divided by 24.
14
Calculate the remainder when 2896 is divided by 182.
166
What is the remainder when 86 is divided by 74?
12
Calculate the remainder when 62 is divided by 5.
2
What is the remainder when 231 is divided by 13?
10
What is the remainder when 1643 is divided by 9?
5
What is the remainder when 1437 is divided by 80?
77
Calculate the remainder when 1538 is divided by 19.
18
Calculate the remainder when 217 is divided by 87.
43
What is the remainder when 3119 is divided by 1035?
14
What is the remainder when 734 is divided by 7?
6
What is the remainder when 288 is divided by 75?
63
Calculate the remainder when 151 is divided by 39.
34
What is the remainder when 117 is divided by 55?
7
Calculate the rem